 - (-15 + -1 + 12).
0
4 + 5 + (-6 - 1)
2
What is -3 - -1 - (-16 + (7 - 2))?
9
Calculate -2 - (0 - -1) - -2 - 3.
-4
Calculate 3 - -2 - (1 - (-4 + -1)).
-1
Evaluate -89 + 77 + -1 + 18.
5
What is -12 + 20 + -7 + -1?
0
Calculate 0 + (-3 - 2) + 1 + 1.
-3
What is -3 - (-1 + -4 + -5 + 3)?
4
-45 + 50 - (5 - -1)
-1
What is -15 + 16 - (6 - 1) - -1?
-3
What is 17 + (-4 - (-4 - -7)) - 4?
6
Evaluate -7 + 6 + (-1 - 3 - -2).
-3
What is -2 - (1 + -2 + 4)?
-5
Calculate 15 - 12 - (1 - -1).
1
(-1 - -7) + -2 - (-32 + 33)
3
-4 - (-7 + (0 - -1))
2
-2 - (4 + (1 - 7) - 2)
2
Evaluate 2 + -6 + (0 - -4).
0
What is 5 + (-3 - (5 - 3)) + 6?
6
Evaluate 4 + -4 - (-4 + 3 - 0).
1
What is the value of -6 - (-7 + 2 - -1)?
-2
What is 7 - (-4 + 2 + 3 + -1)?
7
-1 + -1 - (-1 + -2)
1
What is (-3 - 0) + -4 + 6?
-1
What is the value of (3 - 4) + (0 - 1)?
-2
(-2 - 1) + -1 - (0 + 1)
-5
Evaluate 5 + (-2 + 1 - (2 + 1)).
1
Calculate -40 - -31 - (-4 + 2).
-7
-20 + 29 + (-5 - 0)
4
Calculate 1 + 1 + -5 + (-28 - -29).
-2
10 - (13 - 5) - (0 + 9)
-7
What is -6 + (8 + -22 - -10)?
-10
Calculate 9 + (1 - -2) + -3 - 4.
5
13 + -12 - (11 - 5)
-5
Evaluate -4 + 1 + (-10 - 1 - -17).
3
Calculate 0 + 3 - (-17 - -18).
2
What is -4 - (-1 - 3) - (0 - 1)?
1
Evaluate (1 - -1) + 1 + -6.
-3
Evaluate 10 - (4 + -5 + (1 - -2)).
8
Calculate 0 + (-1 + 7 - 5) + -1.
0
1 + (-8 - 0 - -1)
-6
What is the value of -1 + (-6 - 3) + 24 + -18?
-4
1 - (0 - 2) - (-2 + 3)
2
What is the value of -4 + (6 - 12 - -5)?
-5
What is the value of -8 + 6 + -1 + (-10 - -7)?
-6
Evaluate (-17 - -1) + -12 + 20.
-8
(-1 - 8 - -1) + -21 + 21
-8
(1 - 0) + -1 + -4
-4
Evaluate 11 + -14 + 1 + 2 + 0.
0
Evaluate 5 - (4 - ((-5 - 0) + -1)).
-5
What is the value of -1 - (2 + -3 + 3)?
-3
45 + -32 + (-10 - -2)
5
-6 - -1 - (1 + -4) - -4
2
Calculate -6 + (0 - -4) - -6.
4
What is -4 + 8 + 5 + -4 + -1?
4
3 + 5 + -4 + 3 + -11
-4
What is the value of 2 + (7 - 10 - 0)?
-1
Evaluate 4 + (3 - (-3 - -9)).
1
Evaluate 4 + (-2 - (1 + 2)) + 3.
2
Evaluate 3 - (9 + -7 + -9).
10
What is 2 - (16 - (11 - 0))?
-3
Evaluate 1 - (4 - (12 + -7)).
2
What is 2 + -4 + (0 + 0 - 0)?
-2
What is 10 + 3 + -8 + 4 + -3?
6
What is the value of 1 + -1 + (7 - 6)?
1
What is the value of 0 - (-8 + 16 + -7)?
-1
What is 0 + 7 - (-50 - -55)?
2
-13 + 10 + -3 + 10
4
14 + (-8 - 0 - 4)
2
Evaluate 1 + (1 - 0) + -7 + 0.
-5
Evaluate 6 - (4 + 4) - -1.
-1
Evaluate 4 - ((-5 - -8) + -3).
4
-1 + -3 - (-7 - -1) - -1
3
What is the value of -6 - (3 - 5) - 0?
-4
What is the value of 0 + -4 + 1 + 1 - -4?
2
Calculate -23 + 33 - (-1 + 4).
7
Evaluate -4 + -1 + (10 - 3) + -4.
-2
Evaluate -7 - ((7 - (0 - 0)) + -9).
-5
0 + -1 - (-4 - -2)
1
Calculate 0 - 1 - ((-5 - -6) + -4).
2
Evaluate -1 + -3 + 3 - 3 - -3.
-1
Evaluate (6 - 6 - 2) + (-1 - 2).
-5
Evaluate (0 - 1) + (-58 - -62).
3
Evaluate (-3 + 1 - 1) + 1 + 2.
0
-4 + 2 + (3 - 8) + 11
4
What is the value of 3 - (-6 + 4) - 4?
1
Evaluate 3 - (6 - (-2 - -6)).
1
Evaluate -4 + -5 + 9 + -4 + 4.
0
1 + 0 - (5 - (-1 - -10))
5
7 - (-5 + 5 + 7)
0
Evaluate 12 + (-1 + 7 - (9 + 2)).
7
Calculate 4 - 7 - ((2 - 3) + 4).
-6
2 - -5 - (-2 - -4)
5
231 - 234 - (0 + -3)
0
Calculate -1 + -8 + 10 - -3 - -1.
5
Evaluate 17 + (-9 - 6) + (0 - -4).
6
What is 4 + -7 + (5 - -3)?
5
Evaluate -1 + (-5 - -4) + -1 + -2.
-5
Calculate 7 + (-7 - 1) + 1 + 6.
6
Evaluate (0 - 0) + (54 - 52).
2
What is -8 + (-6 - -12) - (6 - 0)?
-8
Calculate -2 + 15 + -5 + -3.
5
What is (-1 - (-3 + 0)) + -2?
0
-2 - 0 - ((0 - 4) + 7)
-5
3 + (-11 - -4) + 2
-2
0 - (5 - 2) - (5 - 8)
0
Evaluate -2 + 8 - (-4 - (-6 - -1)).
5
Calculate (3 - -1) + 2 - 3 - 0.
3
What is -10 + 8 - (1 - 1)?
-2
Calculate 0 - -3 - 6 - 1 - 1.
-5
Calculate 5 + 2 - (-3 + -3 - -14).
-1
Evaluate -1 + 2 + -4 - -7.
4
Calculate 0 - 5 - (-15 - -9).
1
Evaluate 0 + 2 - ((-11 - -23) + -13).
3
What is the value of -1 - -9 - 10 - -3?
1
Evaluate (-9 - -7 - -6) + 0.
4
What is the value of 1 + 1 + (-2 - 0) + 2?
2
Evaluate 3 - (-14 - (-21 - -5)).
1
What is 4 + -1 + 6 - 3?
6
Calculate -2 - (5 + (-1 - 6)).
0
What is the value of (-6 - -8 - (-4 - -10)) + 9?
5
Evaluate 2 + -6 + (15 - 20) + 3.
-6
(-8 + 1 - 4) + 7
-4
What is the value of 4 + (1 - 0 - (2 + 6))?
-3
Evaluate (2 - 2) + 5 + -2 - 2.
1
What is -1 - (-12 + 1 + 7)?
3
(1 - 0 - 2) + 0 + 5
4
Evaluate -3 + 2 + (-3 - -1) - -1.
-2
What is the value of -7 - -13 - (-6 + 11 + -5)?
6
What is the value of 5 - (-5 + 7 + -2)?
5
3 + -3 + 3 - (2 - 1)
2
What is (-2 - 5) + -5 + 6 + 0?
-6
What is the value of 2 + (-6 - -1) - -6?
3
Calculate (1 - 6) + (20 - 8).
7
What is the value of 72 - 67 - (1 - -8)?
-4
Evaluate (2 - 4) + (-5 - -3).
-4
What is (12 - -2) + -5 + -5?
4
What is -3 - (3 - 2) - (-3 + 4)?
-5
-1 + (-3 - 0 - (-12 + 5))
3
What is the value of 5 - (1 + -2 + 2 + 0)?
4
What is the value of -4 + 5 + (-3 - 0)?
-2
Evaluate -5 - 7 - -7 - -3.
-2
-6 - 0 - (-16 - -9) - -7
8
What is the value of -4 - (-4 + 4 - (1 + 3))?
0
(4 - (-3 - 5)) + -6
6
Calculate 3 - (6 - 10 - -2).
5
Evaluate 3 + 1 + (-4 - -4 - 6).
-2
What is -4 + (-1 - 1) - (-15 - -11)?
-2
(-6 + (13 - 7) - 2) + -8
-10
Evaluate -21 - -35 - 8 - (0 - -1).
5
What is 8 - (0 + 2 - -4) - 2?
0
Evaluate (4 - 0 - (1 - 0)) + 2.
5
Calculate 5 - (-4 + 2 + 4).
3
What is 1 + 1 - (-15 + 9 - -6)?
2
26 + -31 - (-9 + 1)
3
What is the value of (15 - (-2 - -17)) + (-4 - 1)?
-5
Calculate (-6 - (-3 - -2)) + 2.
-3
What is the value of (9 - (14 + -3)) + 10 + -1?
7
0 - (5 + -3 + -3 + 2)
-1
1 + -2 + (-25 - -30) - 1
3
33 + -41 + (-3 + 11 - 1)
-1
Calculate 0 - (-2 + 9 + -3).
-4
Calculate (-6 - -5) + (-2 + 10 - -1).
8
5 - 3 - (15 - 9)
-4
Calculate (2 - (2 + (-3 - -4))) + 2.
1
What is (-3 + 3 - -4) + -2?
2
Evaluate (6 - (2 + 4)) + -1 + -8.
-9
What is the value of (-12 - -11 - 6) + 10?
3
What is 9 + 1 - (-86 + 101)?
-5
What is -1 + (7 - (1 + 3)) + -2?
0
Calculate 1 + -4 - (-3 + -3).
3
Evaluate -1 + -1 - (-1 + 3 + -1).
-3
7 + (18 - 22) + (0 - -1)
4
3 + -4 + 1 - (7 - -1)
-8
Evaluate -2 + 6 + 4 + -6.
2
What is the value of (-3 - -4) + 3 - 4?
0
Calculate 44 + -37 + (-9 - 0) - -7.
5
Calculate 18 - 7 - 2 - 4.
5
What is the value of 85 + -77 - (10 + 0)?
-2
Calculate (-11 - (7 - 15)) + 1 + -4.
-6
Evaluate -2 + 4 + -1 - -1.
2
-1 + 8 - (-10 + 8)
9
What is 1 - (-3 + -16 + 9)?
11
What is the value of 12 - 14 - (-2 - -3)?
-3
-2 + -4 + 5 + -3 - -7
3
What is 0 + (-6 + 10 - (1 - -3))?
0
What is the value of (-5 - -2) + (3 - (-5 - -8))?
-3
What is -3 + 2 + -1 + 3 + 8?
9
What is (17 - 4) + -22 - -10?
1
(3 - (2 - 8)) + -10
-1
Evaluate -1 + 0 + 1 + (2 - 4).
-2
What is the value of -5 + (-4 - -5) + 0?
-4
What is (-3 - -5) + 7 - 9?
0
Evaluate 1 + 0 + 2 + -6.
-3
What is -7 + 5 + -1 - -9?
6
Calculate 5 + -2 + -4 + 6.
5
(2 + -1 - (-3 + 1)) + 2
5
Calculate 0 + 2 + (1 - 3) - -1.
1
Evaluate 0 - (-4 - (-2 - 2 - -1)).
1
Evaluate (0 - -1 - (-10 - -17)) + 3.
-3
What is (0 - -1) + -11 + 17 + -2?
5
Evaluate 8 + -3 - (14 - (-2 + 11)).
0
(-7 - -10) + (-3 - -6) + -6
0
What is -11 - -8 - (-4 + 4)?
-3
Evaluate (1 - -4 - 7) + 2.
0
What is the value of 3 - ((-33 - -36) + (-2 - 0))?
2
Calculate -12 - -6 - (-3 - -6 - 13).
4
Calculate -7 - ((16 - 9) + -6).
-8
What is the value of -1 - 1 - (-75 + 76)?
-3
0 - (-3 + 2 + 4)
-3
What is the value of 6 + 1 + -4 - 10?
-7
Evaluate -4 + (0 - 3) + (1 - -2).
-4
1 + -4 - (-7 + 3)
1
1 + -5 + 5 + -4
-3
-4 + 1 + (3 - 7)
-7
What is (-10 + 19 - 17) + 0?
-8
Calculate (2 - -2) + 0 + (10 - 15).
-1
1 + -3 + (-5 - -9)
2
Calculate -5 + 0 + -2 + (-6 - -8).
-5
What is the value of (1 - (-5 + 3 + 4)) + 4?
3
What is the value of 3 - 4 - (-5 + 1)?
3
-3 + 5 + (-1 - -3)
4
-3 - (-5 - (3 + 4))
9
What is the value of 7 - (1 - 9 - -17)?
-2
Calculate -2 - 0 - -3 - (7 + -6).
0
What is the value of -4 + 1 + -17 + 16 + 9?
5
9 + (0 - 20) + 15
4
Evaluate -3 + (7 - (-1 - -4)) + -1.
0
Calculate -1 - (0 + -9 + 13).
-5
What is 10 + -5 - (4 - -3)?
-2
What is 2 + -5 - ((-2 - -3) + 0)?
-4
-2 + 0 + -79 + 75
-6
Calculate -5 - (-1 + 2) - -3.
-3
-5 + (5 - 0 - (1 - -3))
-4
Evaluate (6 - 2) + (3 - 7).
0
What is -12 + (5 - 0) - (-1 - 3)?
-3
Evaluate 6 + 3 + -14 + 6 + 0.
1
Evaluate 10 + (16 - 7 - 12).
7
5 + 0 + (20 - 28)
-3
What is -4 + -2 - (-5 - (-1 - 0))?
-2
What is (9 - (20 - -1)) + 4?
-8
Evaluate 3 + (3 - 0) + -12.
-6
What is the value of 5 + (-8 - -2) + -3 - -6?
2
What is the value of -1 - (-3 - -8 - 9)?
3
What is 0 + (0 - 2) + 8 + -3?
3
Evaluate -3 - -4 - (-5 - -